o(h) = -h**2 + 7*h + 10. Let v be o(8). Let b(t) = 2*t - a - 2*t + v - t. Calculate b(5).
-6
Suppose -10*i + 25 - 35 = 0. Let q(b) = 27*b + 1. Determine q(i).
-26
Let d(m) = 5*m + 13. Let t be 10 + 8/8*-19. What is d(t)?
-32
Let v(q) = -17*q - 2. Let a(b) = -10*b - 1. Let g(l) = -5*a(l) + 3*v(l). Give g(-9).
8
Let w(c) = -c**2 + 5*c + 4. Suppose -2 = -2*x, -m + 1 = 4*x - 37. Let p = m + -28. What is w(p)?
-2
Suppose 4*o + k + 98 = 0, -110 = 4*o + 5*k - 10*k. Let i be 24/108 + o/(-9). Let g(a) = 0 + 6*a**2 + a**3 + 6 + 1 + a - i. What is g(-6)?
-2
Let w(g) = -11*g**2 - 7*g. Let t be (-4)/10 + (504/15)/(-6). Suppose -5*z = 50 - 135. Let s(f) = -32*f**2 - 20*f. Let l(j) = t*s(j) + z*w(j). Calculate l(1).
6
Suppose 17 = 8*m - 7. Let a(u) = -1882*u + 1880*u + 3*u**m - 2*u**3 + 3*u**2 - 3. Calculate a(-3).
3
Suppose 2299*j + 5 = 2294*j. Let t(z) = 4*z - 1. Let h(i) = -2*i + 2 + 2*i - 7*i. Let l(b) = 4*h(b) + 9*t(b). Calculate l(j).
-9
Let h(c) = 2*c**2 - 18*c + 18. Let a = -73 - -81. What is h(a)?
2
Let v(u) = -2*u**2 + 66*u**3 + 1 - 61*u**3 - u + 2*u**2. Let t be 1/3 - (-4)/6. Determine v(t).
5
Let a = 11 - 9. Let g(m) = 0*m + 0*m - 2*m - a*m + 3. Calculate g(-5).
23
Let q(c) be the third derivative of 38*c**2 + 0*c**4 + 1/60*c**5 + 3/2*c**3 + 0*c + 0 - 1/120*c**6. Give q(0).
9
Let p be ((-17)/68)/((-2)/16). Let y(t) = -p*t + 3*t - 3*t + 3*t. Determine y(6).
6
Let n(b) = -16*b**2 - 2*b + 3. Let y(p) = -27*p**2 - 5*p + 5. Let j(s) = 5*n(s) - 3*y(s). Determine j(-6).
6
Suppose -5*y + 3*c - 20 = 0, -2*y - 39 = 2*c + 3*c. Let d(f) = f + 10. What is d(y)?
3
Let t(r) = r**3 + 2*r**2 + 2*r + 2. Suppose 0 = 3*k - 5*k + 18. Suppose -7*o = 5 + k. What is t(o)?
-2
Let u(r) = 2*r + 2. Let w = 33 - 12. Let l = w - 13. Let p be (0 + l)/(4 + -6). Calculate u(p).
-6
Let a(n) = -n**2 - 3*n - 3. Suppose 91 = 4*x + 35. Let f be 4/x + 164/14. Let o be (1 + 0)/(f/(-48)). What is a(o)?
-7
Let z = -17 + 20. Let b(d) = d**2 - 2*d + 4. Let k be b(z). Let h(g) = g**3 - 6*g**2 - 9*g + 7. What is h(k)?
-7
Let b(n) be the first derivative of 8*n**3/3 + n**2/2 + 7*n - 1. Let h(r) = 1. Let j(p) = -b(p) + 6*h(p). Suppose -3*y - 3 = -0*y. Determine j(y).
-8
Let k(m) = 83*m - 169*m - 1 + 85*m. Let x = -6 - -4. Let o be (-1 - -2)/(x/(-10)). Calculate k(o).
-6
Let m(a) = -a**2 + a. Suppose -4*y + 128 = -124. Let j = 61 - y. What is m(j)?
-6
Let o = -2 + 3. Suppose 2*n - 5 = -3*n. Let w(u) = n - u**2 + 5*u**3 + 8*u - 17*u + 8*u. Calculate w(o).
4
Suppose 18 = -2*r - r. Let b(a) = -a - 4. Let w be b(r). Let i(y) = 2*y - 1. Determine i(w).
3
Let h(k) = k**2 - 6*k + 1. Suppose 19*s + 14 = 128. What is h(s)?
1
Suppose 13*p - 12 + 12 = 0. Suppose 5*w + 5*u - 15 = 0, p = 5*w - 2*u + 4 - 12. Let x(o) = o**2 + o. Give x(w).
6
Let b(f) = -f**3 - 5*f**2 - 4*f - 6. Suppose -13*v = -18*v + 10. Let g(d) = 0*d - d + d**2 + 6*d - 4 + v*d. Let z be g(-7). What is b(z)?
-6
Let p(s) = -482 + 5*s**2 + 238 + 242. Give p(2).
18
Suppose -19*z = -22*z + 198. Suppose -z*t = -62*t + 16. Let w(a) = a**2 + 3*a + 2. What is w(t)?
6
Let j(h) = 3 + 4*h**2 + 0*h**3 + 3*h - h**3 - 3*h**2 + 2*h**2. Let n be j(4). Let b(q) = -3*q**3. What is b(n)?
3
Let l(s) = s**3 + 5*s**2 + 3*s + 4. Suppose -h = -0 - 4. Let i(r) = 3*r**2 - 4*r + 5. Let d be i(h). Let y = d - 41. What is l(y)?
8
Let v(k) = 7*k - 22. Let w(y) = -y**2 + 7*y - 8. Let l be w(3). Let z be v(l). Let u(n) = n**3 - 6*n**2 + 2*n - 6. What is u(z)?
6
Suppose 0 = -2*q - 4*m - 12, 5*q = -3*m + 4 + 1. Let i be 23 - 20 - (0 + q). Let o(v) be the first derivative of -v**4/4 - v**3/3 - v**2/2 - 2. Calculate o(i).
1
Let x(t) = 2*t**2 + 2*t + 1. Let z(j) = 12*j + 66. Let d be z(-6). Let i(h) be the second derivative of -h**3/6 - 7*h**2/2 + h. Let l be i(d). Calculate x(l).
1
Let t(r) = 5*r**2 + 4*r - 6. Let k = -15 + 18. Let m(z) = 4*z**2 + 5*z - 8. Let i(p) = k*m(p) - 4*t(p). What is i(-1)?
-7
Let t(q) = -9*q - 1. Let h(v) = -8*v - 1. Let o(g) = -5*h(g) + 4*t(g). Let r = 149 - 151. Determine o(r).
-7
Let t(y) = -3*y + 9. Let b(q) = 6*q + 47. Let z be b(-7). Calculate t(z).
-6
Let d(p) = 3*p + 2. Suppose -4 = 8*u + 52. Give d(u).
-19
Suppose -2*q + 5*x = -43, 5*x + 41 = 5*q - 44. Let t(d) = -d**3 + 14*d**2 - 6. Give t(q).
-6
Let l(m) be the first derivative of -m**3/3 + 3*m**2 - 3*m + 2. Suppose 2*x + 9 = 2*a + 3*x, 5*x = -a. Determine l(a).
2
Suppose -7 = -3*i + k, -4*k - 13 = 3*i - 0*k. Let c(g) = 5*g. Let m(a) = a + 1. Let p = 1 + -5. Let b(t) = i*c(t) + p*m(t). Give b(6).
2
Let c be 1/((-2)/(-14) + -3 + 3). Let m(x) = -x**2 + 7*x + 8. What is m(c)?
8
Let p(v) = -v**2 + 13*v - 86. Let s(y) = y**2 - 10*y + 85. Let o(r) = -6*p(r) - 5*s(r). What is o(24)?
-5
Let h(w) be the third derivative of -w**6/120 + w**5/15 + w**4/24 - w**3/3 - w**2. Suppose 4*f = 45 - 41, -4*a + 2*f + 14 = 0. What is h(a)?
2
Let q(r) = -r + 11. Let y(s) be the first derivative of s - 13. Let p(t) = q(t) - 5*y(t). What is p(5)?
1
Let d(y) = 2*y + 6. Let a be d(0). Let r(v) = -v**2 + 8*v - 2. Give r(a).
10
Let y be (24/16)/(3/4). Let x(p) be the first derivative of -p**4/4 + p**2/2 + 2*p - 8. Determine x(y).
-4
Let k(p) = -4*p**2 + 8*p**2 - p**3 - 2*p - p. Let r = -41 + 42. Let f be (-5 + 4)/(r/(-2)). Give k(f).
2
Let x(z) = 2*z + 14. Let a be x(-6). Suppose a*l - 18 = -y + 5, -5*y + 25 = 0. Let n(f) = f**2 - 8*f - 2. Give n(l).
7
Let v(q) = q + 6. Let i = -9 + 26. Let h = 8 - i. Give v(h).
-3
Let z(c) be the first derivative of -c**3/3 + 2*c**2 - c + 58. Determine z(5).
-6
Let o(m) = -m**2 - 4*m - 1. Suppose 0*t - 558 = -9*t. Let r = t + -65. Determine o(r).
2
Let j(s) = -12*s**2 + 14*s + 17*s - 7*s - 2*s + 8*s**2 + 4. What is j(6)?
-8
Let w(y) be the first derivative of y**2 + 4*y + 79. What is w(-9)?
-14
Let x(d) = -2*d**3 + d**3 - 2*d + d**2 + d. Let y(v) = -v**3 - 4*v**2 + v**2 + v**2 + 7*v**2 - 4*v. Let i(z) = 3*x(z) - y(z). Determine i(-2).
6
Let l(d) = d**2 + 8*d + 5. Let f be (-8)/3*(8 + -5). Determine l(f).
5
Let x(a) = 17*a**2 - 3*a + 2. Let p(m) = -10*m**2 + m - 2. Let o(v) = -5*p(v) - 3*x(v). Determine o(6).
-8
Let d(r) = -r - 1. Let b(w) = w**2 - w. Let p(s) = -s**2 - 9*s - 1. Let c(l) = -2*b(l) - p(l). Let o(f) = c(f) + 4*d(f). Give o(6).
3
Let q(w) = 3*w - 2. Suppose 28 + 16 = 11*j. Calculate q(j).
10
Let s(p) be the second derivative of 2/3*p**3 - 1/20*p**5 + 5/12*p**4 + 3*p**2 + 2 + 45*p. Determine s(6).
-6
Let r(w) = -5*w + 1. Let l(f) = -10*f + 3. Let o(d) = 2*l(d) - 5*r(d). Suppose -2*t - 1 = -3*u + 15, -3*t = 4*u - 10. Determine o(t).
-9
Let b(y) = -3*y - 10. Let s be b(-4). Suppose 2 = 2*d, -4*d + 4 = -0*h + s*h. Let f(t) = t**2 - t. Determine f(h).
0
Suppose -3 = 3*d, 4*n = 3*d + 16 - 1. Suppose 3*c + 9 = 3*i, -5*i + 4 = -n*c - 11. Let t(b) = -b**2 + 4*b + 1. Determine t(i).
4
Let o(x) = -11*x**2 - 11*x + 13. Let c(i) = 5*i**2 + 5*i - 6. Let d(l) = -13*c(l) - 6*o(l). Suppose -2*z - 15 = 5*s, s + s = -6. What is d(z)?
0
Let g(j) be the third derivative of -22*j**2 + 0 + 0*j**3 - 1/24*j**4 + 0*j. Calculate g(5).
-5
Let t be 38/(-6) - (-1)/3. Let s be (-14)/t - 2/6. Let m(b) = 2 - 4*b + 223*b**2 - 138*b**2 - 81*b**2. Give m(s).
10
Let g(h) = h + 1 - 8*h**2 + 8*h**2 + h**3 - 2. Let j be g(0). Let n(z) be the third derivative of z**4/4 + z**2. What is n(j)?
-6
Let g(r) = r**2 + 11*r - 22. Suppose -57 = 5*q - 2*l, 3*l = 17*q - 20*q - 51. Calculate g(q).
4
Let l = -11 + 6. Let s be (-75)/(-12) + (-2)/8. Let y(g) = g**2 + g**2 - 3*g**2 + 0 + 2 - s*g. Determine y(l).
7
Let m(i) = i**3 - 42*i**2 - 39*i - 177. Let r be m(43). Let b(u) = -u**2 - 5*u + 6. What is b(r)?
6
Let o(m) = m**2 + 8*m + 9. Let a(z) = z**3 - 2*z**2 + 1. Let c be a(2). Let x(u) = -11*u**3. Let s be x(c). Let g be s + 4/(4 + -3). Determine o(g).
2
Let o(a) = a**3 - 8*a**2 + 5*a + 3. Let j(l) = -l**2 + 4*l + 67. Let f be j(10). What is o(f)?
-11
Let f(j) = 15*j + 78. Let c(p) = 38*p + 194. Let d(a) = -5*c(a) + 12*f(a). Let r be d(-4). Let m(q) = 2*q - 7. What is m(r)?
5
Let m(f) be the first derivative of 3*f**4/4 + 4*f**3/3 - 5*f**2/2 - f - 11. Let s(y) = y**3 - y**2 - y - 1. Let x(w) = m(w) - 4*s(w). Give x(8).
-5
Let y(f) be the first derivative of -f**4/4 + 4*f**3 - 8*f + 53. What is y(12)?
-8
Let u(r) be the third derivative of r**5/20 - 5*r**4/24 - 629*r**2. Determine u(2).
2
Let c(r) = -8*r - 344*r**2 -